{"id":94,"date":"2022-03-25T22:14:05","date_gmt":"2022-03-25T21:14:05","guid":{"rendered":"http:\/\/jrzptry.cluster028.hosting.ovh.net\/?page_id=94"},"modified":"2022-04-20T21:03:07","modified_gmt":"2022-04-20T19:03:07","slug":"montenegro-swierklany-5","status":"publish","type":"page","link":"http:\/\/montenegro.com.pl\/?page_id=94","title":{"rendered":"Galeria"},"content":{"rendered":"\t\t<div data-elementor-type=\"wp-page\" data-elementor-id=\"94\" class=\"elementor elementor-94\" data-elementor-post-type=\"page\">\n\t\t\t\t\t\t<section class=\"elementor-section elementor-top-section elementor-element elementor-element-fe30c3d elementor-section-boxed elementor-section-height-default elementor-section-height-default\" data-id=\"fe30c3d\" data-element_type=\"section\">\n\t\t\t\t\t\t<div class=\"elementor-container elementor-column-gap-default\">\n\t\t\t\t\t<div class=\"elementor-column elementor-col-100 elementor-top-column elementor-element elementor-element-911cf7a\" data-id=\"911cf7a\" data-element_type=\"column\">\n\t\t\t<div class=\"elementor-widget-wrap elementor-element-populated\">\n\t\t\t\t\t\t<div class=\"elementor-element elementor-element-a0e3a99 elementor-widget elementor-widget-heading\" data-id=\"a0e3a99\" data-element_type=\"widget\" data-widget_type=\"heading.default\">\n\t\t\t\t<div class=\"elementor-widget-container\">\n\t\t\t\t\t<h1 class=\"elementor-heading-title elementor-size-default\">Galeria<\/h1>\t\t\t\t<\/div>\n\t\t\t\t<\/div>\n\t\t\t\t<div class=\"elementor-element elementor-element-1d95b5f elementor-widget elementor-widget-gallery\" data-id=\"1d95b5f\" data-element_type=\"widget\" data-settings=\"{&quot;gallery_layout&quot;:&quot;masonry&quot;,&quot;lazyload&quot;:&quot;yes&quot;,&quot;columns&quot;:4,&quot;columns_tablet&quot;:2,&quot;columns_mobile&quot;:1,&quot;gap&quot;:{&quot;unit&quot;:&quot;px&quot;,&quot;size&quot;:10,&quot;sizes&quot;:[]},&quot;gap_tablet&quot;:{&quot;unit&quot;:&quot;px&quot;,&quot;size&quot;:10,&quot;sizes&quot;:[]},&quot;gap_mobile&quot;:{&quot;unit&quot;:&quot;px&quot;,&quot;size&quot;:10,&quot;sizes&quot;:[]},&quot;link_to&quot;:&quot;file&quot;,&quot;overlay_background&quot;:&quot;yes&quot;,&quot;content_hover_animation&quot;:&quot;fade-in&quot;}\" data-widget_type=\"gallery.default\">\n\t\t\t\t<div class=\"elementor-widget-container\">\n\t\t\t\t\t\t\t<div class=\"elementor-gallery__container\">\n\t\t\t\t\t\t\t<a class=\"e-gallery-item elementor-gallery-item elementor-animated-content\" href=\"http:\/\/montenegro.com.pl\/wp-content\/uploads\/2022\/03\/58462981_2208760699204522_6733576579080781824_n.jpg\" data-elementor-open-lightbox=\"yes\" data-elementor-lightbox-slideshow=\"1d95b5f\" data-elementor-lightbox-title=\"Hol\" data-e-action-hash=\"#elementor-action%3Aaction%3Dlightbox%26settings%3DeyJpZCI6MjQ5LCJ1cmwiOiJodHRwOlwvXC9tb250ZW5lZ3JvLmNvbS5wbFwvd3AtY29udGVudFwvdXBsb2Fkc1wvMjAyMlwvMDNcLzU4NDYyOTgxXzIyMDg3NjA2OTkyMDQ1MjJfNjczMzU3NjU3OTA4MDc4MTgyNF9uLmpwZyIsInNsaWRlc2hvdyI6IjFkOTViNWYifQ%3D%3D\">\n\t\t\t\t\t<div class=\"e-gallery-image elementor-gallery-item__image\" data-thumbnail=\"http:\/\/montenegro.com.pl\/wp-content\/uploads\/2022\/03\/58462981_2208760699204522_6733576579080781824_n-300x200.jpg\" data-width=\"300\" data-height=\"200\" aria-label=\"korytarz\" role=\"img\" ><\/div>\n\t\t\t\t\t\t\t\t\t\t\t<div class=\"elementor-gallery-item__overlay\"><\/div>\n\t\t\t\t\t\t\t\t\t\t\t\t\t\t<\/a>\n\t\t\t\t\t\t\t<a class=\"e-gallery-item elementor-gallery-item elementor-animated-content\" href=\"http:\/\/montenegro.com.pl\/wp-content\/uploads\/2022\/03\/58581902_2208760632537862_1085877752311054336_n.jpg\" data-elementor-open-lightbox=\"yes\" data-elementor-lightbox-slideshow=\"1d95b5f\" data-elementor-lightbox-title=\"ozdoba sto\u0142u\" data-e-action-hash=\"#elementor-action%3Aaction%3Dlightbox%26settings%3DeyJpZCI6MjUxLCJ1cmwiOiJodHRwOlwvXC9tb250ZW5lZ3JvLmNvbS5wbFwvd3AtY29udGVudFwvdXBsb2Fkc1wvMjAyMlwvMDNcLzU4NTgxOTAyXzIyMDg3NjA2MzI1Mzc4NjJfMTA4NTg3Nzc1MjMxMTA1NDMzNl9uLmpwZyIsInNsaWRlc2hvdyI6IjFkOTViNWYifQ%3D%3D\">\n\t\t\t\t\t<div class=\"e-gallery-image elementor-gallery-item__image\" data-thumbnail=\"http:\/\/montenegro.com.pl\/wp-content\/uploads\/2022\/03\/58581902_2208760632537862_1085877752311054336_n-200x300.jpg\" data-width=\"200\" data-height=\"300\" aria-label=\"ozdoby sto\u0142u na ma\u0142ej sali\" role=\"img\" ><\/div>\n\t\t\t\t\t\t\t\t\t\t\t<div class=\"elementor-gallery-item__overlay\"><\/div>\n\t\t\t\t\t\t\t\t\t\t\t\t\t\t<\/a>\n\t\t\t\t\t\t\t<a class=\"e-gallery-item elementor-gallery-item elementor-animated-content\" href=\"http:\/\/montenegro.com.pl\/wp-content\/uploads\/2022\/03\/58381242_2208760505871208_1604373587332956160_n-1.jpg\" data-elementor-open-lightbox=\"yes\" data-elementor-lightbox-slideshow=\"1d95b5f\" data-elementor-lightbox-title=\"zastawa\" data-e-action-hash=\"#elementor-action%3Aaction%3Dlightbox%26settings%3DeyJpZCI6MjU5LCJ1cmwiOiJodHRwOlwvXC9tb250ZW5lZ3JvLmNvbS5wbFwvd3AtY29udGVudFwvdXBsb2Fkc1wvMjAyMlwvMDNcLzU4MzgxMjQyXzIyMDg3NjA1MDU4NzEyMDhfMTYwNDM3MzU4NzMzMjk1NjE2MF9uLTEuanBnIiwic2xpZGVzaG93IjoiMWQ5NWI1ZiJ9\">\n\t\t\t\t\t<div class=\"e-gallery-image elementor-gallery-item__image\" data-thumbnail=\"http:\/\/montenegro.com.pl\/wp-content\/uploads\/2022\/03\/58381242_2208760505871208_1604373587332956160_n-1-200x300.jpg\" data-width=\"200\" data-height=\"300\" aria-label=\"zastawa sto\u0142u na ma\u0142ej sali\" role=\"img\" ><\/div>\n\t\t\t\t\t\t\t\t\t\t\t<div class=\"elementor-gallery-item__overlay\"><\/div>\n\t\t\t\t\t\t\t\t\t\t\t\t\t\t<\/a>\n\t\t\t\t\t\t\t<a class=\"e-gallery-item elementor-gallery-item elementor-animated-content\" href=\"http:\/\/montenegro.com.pl\/wp-content\/uploads\/2022\/03\/58831551_2208760305871228_2528502119657373696_n.jpg\" data-elementor-open-lightbox=\"yes\" data-elementor-lightbox-slideshow=\"1d95b5f\" data-elementor-lightbox-title=\"hol\" data-e-action-hash=\"#elementor-action%3Aaction%3Dlightbox%26settings%3DeyJpZCI6MjU1LCJ1cmwiOiJodHRwOlwvXC9tb250ZW5lZ3JvLmNvbS5wbFwvd3AtY29udGVudFwvdXBsb2Fkc1wvMjAyMlwvMDNcLzU4ODMxNTUxXzIyMDg3NjAzMDU4NzEyMjhfMjUyODUwMjExOTY1NzM3MzY5Nl9uLmpwZyIsInNsaWRlc2hvdyI6IjFkOTViNWYifQ%3D%3D\">\n\t\t\t\t\t<div class=\"e-gallery-image elementor-gallery-item__image\" data-thumbnail=\"http:\/\/montenegro.com.pl\/wp-content\/uploads\/2022\/03\/58831551_2208760305871228_2528502119657373696_n-200x300.jpg\" data-width=\"200\" data-height=\"300\" aria-label=\"strefa chillout\" role=\"img\" ><\/div>\n\t\t\t\t\t\t\t\t\t\t\t<div class=\"elementor-gallery-item__overlay\"><\/div>\n\t\t\t\t\t\t\t\t\t\t\t\t\t\t<\/a>\n\t\t\t\t\t\t\t<a class=\"e-gallery-item elementor-gallery-item elementor-animated-content\" href=\"http:\/\/montenegro.com.pl\/wp-content\/uploads\/2022\/03\/59168538_2208760205871238_9047185378791915520_n-1.jpg\" data-elementor-open-lightbox=\"yes\" data-elementor-lightbox-slideshow=\"1d95b5f\" data-elementor-lightbox-title=\"parking\" data-e-action-hash=\"#elementor-action%3Aaction%3Dlightbox%26settings%3DeyJpZCI6MjU4LCJ1cmwiOiJodHRwOlwvXC9tb250ZW5lZ3JvLmNvbS5wbFwvd3AtY29udGVudFwvdXBsb2Fkc1wvMjAyMlwvMDNcLzU5MTY4NTM4XzIyMDg3NjAyMDU4NzEyMzhfOTA0NzE4NTM3ODc5MTkxNTUyMF9uLTEuanBnIiwic2xpZGVzaG93IjoiMWQ5NWI1ZiJ9\">\n\t\t\t\t\t<div class=\"e-gallery-image elementor-gallery-item__image\" data-thumbnail=\"http:\/\/montenegro.com.pl\/wp-content\/uploads\/2022\/03\/59168538_2208760205871238_9047185378791915520_n-1-300x200.jpg\" data-width=\"300\" data-height=\"200\" aria-label=\"dom przyj\u0119\u0107 montenegro zza drzew\" role=\"img\" ><\/div>\n\t\t\t\t\t\t\t\t\t\t\t<div class=\"elementor-gallery-item__overlay\"><\/div>\n\t\t\t\t\t\t\t\t\t\t\t\t\t\t<\/a>\n\t\t\t\t\t\t\t<a class=\"e-gallery-item elementor-gallery-item elementor-animated-content\" href=\"http:\/\/montenegro.com.pl\/wp-content\/uploads\/2022\/03\/58686712_2208760645871194_2223883020182487040_n-1.jpg\" data-elementor-open-lightbox=\"yes\" data-elementor-lightbox-slideshow=\"1d95b5f\" data-elementor-lightbox-title=\"ma\u0142a sala\" data-e-action-hash=\"#elementor-action%3Aaction%3Dlightbox%26settings%3DeyJpZCI6MjU3LCJ1cmwiOiJodHRwOlwvXC9tb250ZW5lZ3JvLmNvbS5wbFwvd3AtY29udGVudFwvdXBsb2Fkc1wvMjAyMlwvMDNcLzU4Njg2NzEyXzIyMDg3NjA2NDU4NzExOTRfMjIyMzg4MzAyMDE4MjQ4NzA0MF9uLTEuanBnIiwic2xpZGVzaG93IjoiMWQ5NWI1ZiJ9\">\n\t\t\t\t\t<div class=\"e-gallery-image elementor-gallery-item__image\" data-thumbnail=\"http:\/\/montenegro.com.pl\/wp-content\/uploads\/2022\/03\/58686712_2208760645871194_2223883020182487040_n-1-300x200.jpg\" data-width=\"300\" data-height=\"200\" aria-label=\"ma\u0142a sala oczekuj\u0105c na go\u015bci\" role=\"img\" ><\/div>\n\t\t\t\t\t\t\t\t\t\t\t<div class=\"elementor-gallery-item__overlay\"><\/div>\n\t\t\t\t\t\t\t\t\t\t\t\t\t\t<\/a>\n\t\t\t\t\t\t\t<a class=\"e-gallery-item elementor-gallery-item elementor-animated-content\" href=\"http:\/\/montenegro.com.pl\/wp-content\/uploads\/2022\/03\/58570770_2208760285871230_3621765291572199424_n.jpg\" data-elementor-open-lightbox=\"yes\" data-elementor-lightbox-slideshow=\"1d95b5f\" data-elementor-lightbox-title=\"ozdoba\" data-e-action-hash=\"#elementor-action%3Aaction%3Dlightbox%26settings%3DeyJpZCI6MjU2LCJ1cmwiOiJodHRwOlwvXC9tb250ZW5lZ3JvLmNvbS5wbFwvd3AtY29udGVudFwvdXBsb2Fkc1wvMjAyMlwvMDNcLzU4NTcwNzcwXzIyMDg3NjAyODU4NzEyMzBfMzYyMTc2NTI5MTU3MjE5OTQyNF9uLmpwZyIsInNsaWRlc2hvdyI6IjFkOTViNWYifQ%3D%3D\">\n\t\t\t\t\t<div class=\"e-gallery-image elementor-gallery-item__image\" data-thumbnail=\"http:\/\/montenegro.com.pl\/wp-content\/uploads\/2022\/03\/58570770_2208760285871230_3621765291572199424_n-200x300.jpg\" data-width=\"200\" data-height=\"300\" aria-label=\"ozdoba w korytarzu\" role=\"img\" ><\/div>\n\t\t\t\t\t\t\t\t\t\t\t<div class=\"elementor-gallery-item__overlay\"><\/div>\n\t\t\t\t\t\t\t\t\t\t\t\t\t\t<\/a>\n\t\t\t\t\t\t\t<a class=\"e-gallery-item elementor-gallery-item elementor-animated-content\" href=\"http:\/\/montenegro.com.pl\/wp-content\/uploads\/2022\/03\/59002681_2207491449331447_7747537689590628352_n.jpg\" data-elementor-open-lightbox=\"yes\" data-elementor-lightbox-slideshow=\"1d95b5f\" data-elementor-lightbox-title=\"zimna p\u0142yta\" data-e-action-hash=\"#elementor-action%3Aaction%3Dlightbox%26settings%3DeyJpZCI6MjYxLCJ1cmwiOiJodHRwOlwvXC9tb250ZW5lZ3JvLmNvbS5wbFwvd3AtY29udGVudFwvdXBsb2Fkc1wvMjAyMlwvMDNcLzU5MDAyNjgxXzIyMDc0OTE0NDkzMzE0NDdfNzc0NzUzNzY4OTU5MDYyODM1Ml9uLmpwZyIsInNsaWRlc2hvdyI6IjFkOTViNWYifQ%3D%3D\">\n\t\t\t\t\t<div class=\"e-gallery-image elementor-gallery-item__image\" data-thumbnail=\"http:\/\/montenegro.com.pl\/wp-content\/uploads\/2022\/03\/59002681_2207491449331447_7747537689590628352_n-225x300.jpg\" data-width=\"225\" data-height=\"300\" aria-label=\"zimna p\u0142yta\" role=\"img\" ><\/div>\n\t\t\t\t\t\t\t\t\t\t\t<div class=\"elementor-gallery-item__overlay\"><\/div>\n\t\t\t\t\t\t\t\t\t\t\t\t\t\t<\/a>\n\t\t\t\t\t\t\t<a class=\"e-gallery-item elementor-gallery-item elementor-animated-content\" href=\"http:\/\/montenegro.com.pl\/wp-content\/uploads\/2022\/03\/58443700_2208760695871189_6282398970534690816_n.jpg\" data-elementor-open-lightbox=\"yes\" data-elementor-lightbox-slideshow=\"1d95b5f\" data-elementor-lightbox-title=\"ozdoba\" data-e-action-hash=\"#elementor-action%3Aaction%3Dlightbox%26settings%3DeyJpZCI6MjUwLCJ1cmwiOiJodHRwOlwvXC9tb250ZW5lZ3JvLmNvbS5wbFwvd3AtY29udGVudFwvdXBsb2Fkc1wvMjAyMlwvMDNcLzU4NDQzNzAwXzIyMDg3NjA2OTU4NzExODlfNjI4MjM5ODk3MDUzNDY5MDgxNl9uLmpwZyIsInNsaWRlc2hvdyI6IjFkOTViNWYifQ%3D%3D\">\n\t\t\t\t\t<div class=\"e-gallery-image elementor-gallery-item__image\" data-thumbnail=\"http:\/\/montenegro.com.pl\/wp-content\/uploads\/2022\/03\/58443700_2208760695871189_6282398970534690816_n-200x300.jpg\" data-width=\"200\" data-height=\"300\" aria-label=\"kwiatek w korytarzu\" role=\"img\" ><\/div>\n\t\t\t\t\t\t\t\t\t\t\t<div class=\"elementor-gallery-item__overlay\"><\/div>\n\t\t\t\t\t\t\t\t\t\t\t\t\t\t<\/a>\n\t\t\t\t\t\t\t<a class=\"e-gallery-item elementor-gallery-item elementor-animated-content\" href=\"http:\/\/montenegro.com.pl\/wp-content\/uploads\/2022\/03\/59204002_2208760805871178_4970998644493778944_n.jpg\" data-elementor-open-lightbox=\"yes\" data-elementor-lightbox-slideshow=\"1d95b5f\" data-elementor-lightbox-title=\"hol\" data-e-action-hash=\"#elementor-action%3Aaction%3Dlightbox%26settings%3DeyJpZCI6MjQ4LCJ1cmwiOiJodHRwOlwvXC9tb250ZW5lZ3JvLmNvbS5wbFwvd3AtY29udGVudFwvdXBsb2Fkc1wvMjAyMlwvMDNcLzU5MjA0MDAyXzIyMDg3NjA4MDU4NzExNzhfNDk3MDk5ODY0NDQ5Mzc3ODk0NF9uLmpwZyIsInNsaWRlc2hvdyI6IjFkOTViNWYifQ%3D%3D\">\n\t\t\t\t\t<div class=\"e-gallery-image elementor-gallery-item__image\" data-thumbnail=\"http:\/\/montenegro.com.pl\/wp-content\/uploads\/2022\/03\/59204002_2208760805871178_4970998644493778944_n-300x200.jpg\" data-width=\"300\" data-height=\"200\" aria-label=\"korytarz\" role=\"img\" ><\/div>\n\t\t\t\t\t\t\t\t\t\t\t<div class=\"elementor-gallery-item__overlay\"><\/div>\n\t\t\t\t\t\t\t\t\t\t\t\t\t\t<\/a>\n\t\t\t\t\t\t\t<a class=\"e-gallery-item elementor-gallery-item elementor-animated-content\" href=\"http:\/\/montenegro.com.pl\/wp-content\/uploads\/2022\/03\/58442280_2208760609204531_4734129325513637888_n-1.jpg\" data-elementor-open-lightbox=\"yes\" data-elementor-lightbox-slideshow=\"1d95b5f\" data-elementor-lightbox-title=\"ma\u0142a sala\" data-e-action-hash=\"#elementor-action%3Aaction%3Dlightbox%26settings%3DeyJpZCI6MjYwLCJ1cmwiOiJodHRwOlwvXC9tb250ZW5lZ3JvLmNvbS5wbFwvd3AtY29udGVudFwvdXBsb2Fkc1wvMjAyMlwvMDNcLzU4NDQyMjgwXzIyMDg3NjA2MDkyMDQ1MzFfNDczNDEyOTMyNTUxMzYzNzg4OF9uLTEuanBnIiwic2xpZGVzaG93IjoiMWQ5NWI1ZiJ9\">\n\t\t\t\t\t<div class=\"e-gallery-image elementor-gallery-item__image\" data-thumbnail=\"http:\/\/montenegro.com.pl\/wp-content\/uploads\/2022\/03\/58442280_2208760609204531_4734129325513637888_n-1-300x200.jpg\" data-width=\"300\" data-height=\"200\" aria-label=\"ma\u0142a sala w oczekiwaniu na go\u015bci\" role=\"img\" ><\/div>\n\t\t\t\t\t\t\t\t\t\t\t<div class=\"elementor-gallery-item__overlay\"><\/div>\n\t\t\t\t\t\t\t\t\t\t\t\t\t\t<\/a>\n\t\t\t\t\t\t\t<a class=\"e-gallery-item elementor-gallery-item elementor-animated-content\" href=\"http:\/\/montenegro.com.pl\/wp-content\/uploads\/2022\/03\/59093852_2208760582537867_6582559567538814976_n.jpg\" data-elementor-open-lightbox=\"yes\" data-elementor-lightbox-slideshow=\"1d95b5f\" data-elementor-lightbox-title=\"przyk\u0142adowa zastawa\" data-e-action-hash=\"#elementor-action%3Aaction%3Dlightbox%26settings%3DeyJpZCI6MjUyLCJ1cmwiOiJodHRwOlwvXC9tb250ZW5lZ3JvLmNvbS5wbFwvd3AtY29udGVudFwvdXBsb2Fkc1wvMjAyMlwvMDNcLzU5MDkzODUyXzIyMDg3NjA1ODI1Mzc4NjdfNjU4MjU1OTU2NzUzODgxNDk3Nl9uLmpwZyIsInNsaWRlc2hvdyI6IjFkOTViNWYifQ%3D%3D\">\n\t\t\t\t\t<div class=\"e-gallery-image elementor-gallery-item__image\" data-thumbnail=\"http:\/\/montenegro.com.pl\/wp-content\/uploads\/2022\/03\/59093852_2208760582537867_6582559567538814976_n-300x200.jpg\" data-width=\"300\" data-height=\"200\" aria-label=\"zastawa sto\u0142u na ma\u0142ej sali\" role=\"img\" ><\/div>\n\t\t\t\t\t\t\t\t\t\t\t<div class=\"elementor-gallery-item__overlay\"><\/div>\n\t\t\t\t\t\t\t\t\t\t\t\t\t\t<\/a>\n\t\t\t\t\t\t\t<a class=\"e-gallery-item elementor-gallery-item elementor-animated-content\" href=\"http:\/\/montenegro.com.pl\/wp-content\/uploads\/2022\/03\/58382345_2208760405871218_7281776047144566784_n.jpg\" data-elementor-open-lightbox=\"yes\" data-elementor-lightbox-slideshow=\"1d95b5f\" data-elementor-lightbox-title=\"\u0142azienka\" data-e-action-hash=\"#elementor-action%3Aaction%3Dlightbox%26settings%3DeyJpZCI6MjU0LCJ1cmwiOiJodHRwOlwvXC9tb250ZW5lZ3JvLmNvbS5wbFwvd3AtY29udGVudFwvdXBsb2Fkc1wvMjAyMlwvMDNcLzU4MzgyMzQ1XzIyMDg3NjA0MDU4NzEyMThfNzI4MTc3NjA0NzE0NDU2Njc4NF9uLmpwZyIsInNsaWRlc2hvdyI6IjFkOTViNWYifQ%3D%3D\">\n\t\t\t\t\t<div class=\"e-gallery-image elementor-gallery-item__image\" data-thumbnail=\"http:\/\/montenegro.com.pl\/wp-content\/uploads\/2022\/03\/58382345_2208760405871218_7281776047144566784_n-300x200.jpg\" data-width=\"300\" data-height=\"200\" aria-label=\"\u0142azienka\" role=\"img\" ><\/div>\n\t\t\t\t\t\t\t\t\t\t\t<div class=\"elementor-gallery-item__overlay\"><\/div>\n\t\t\t\t\t\t\t\t\t\t\t\t\t\t<\/a>\n\t\t\t\t\t\t\t<a class=\"e-gallery-item elementor-gallery-item elementor-animated-content\" href=\"http:\/\/montenegro.com.pl\/wp-content\/uploads\/2022\/03\/58594767_2207491322664793_2846147687437303808_n.jpg\" data-elementor-open-lightbox=\"yes\" data-elementor-lightbox-slideshow=\"1d95b5f\" data-elementor-lightbox-title=\"obiad\" data-e-action-hash=\"#elementor-action%3Aaction%3Dlightbox%26settings%3DeyJpZCI6MjYyLCJ1cmwiOiJodHRwOlwvXC9tb250ZW5lZ3JvLmNvbS5wbFwvd3AtY29udGVudFwvdXBsb2Fkc1wvMjAyMlwvMDNcLzU4NTk0NzY3XzIyMDc0OTEzMjI2NjQ3OTNfMjg0NjE0NzY4NzQzNzMwMzgwOF9uLmpwZyIsInNsaWRlc2hvdyI6IjFkOTViNWYifQ%3D%3D\">\n\t\t\t\t\t<div class=\"e-gallery-image elementor-gallery-item__image\" data-thumbnail=\"http:\/\/montenegro.com.pl\/wp-content\/uploads\/2022\/03\/58594767_2207491322664793_2846147687437303808_n-169x300.jpg\" data-width=\"169\" data-height=\"300\" aria-label=\"gor\u0105ca kolacja\" role=\"img\" ><\/div>\n\t\t\t\t\t\t\t\t\t\t\t<div class=\"elementor-gallery-item__overlay\"><\/div>\n\t\t\t\t\t\t\t\t\t\t\t\t\t\t<\/a>\n\t\t\t\t\t\t\t<a class=\"e-gallery-item elementor-gallery-item elementor-animated-content\" href=\"http:\/\/montenegro.com.pl\/wp-content\/uploads\/2022\/03\/58689338_2208760552537870_8102428870164086784_n.jpg\" data-elementor-open-lightbox=\"yes\" data-elementor-lightbox-slideshow=\"1d95b5f\" data-elementor-lightbox-title=\"st\u00f3\u0142 na ma\u0142ej sali\" data-e-action-hash=\"#elementor-action%3Aaction%3Dlightbox%26settings%3DeyJpZCI6MjUzLCJ1cmwiOiJodHRwOlwvXC9tb250ZW5lZ3JvLmNvbS5wbFwvd3AtY29udGVudFwvdXBsb2Fkc1wvMjAyMlwvMDNcLzU4Njg5MzM4XzIyMDg3NjA1NTI1Mzc4NzBfODEwMjQyODg3MDE2NDA4Njc4NF9uLmpwZyIsInNsaWRlc2hvdyI6IjFkOTViNWYifQ%3D%3D\">\n\t\t\t\t\t<div class=\"e-gallery-image elementor-gallery-item__image\" data-thumbnail=\"http:\/\/montenegro.com.pl\/wp-content\/uploads\/2022\/03\/58689338_2208760552537870_8102428870164086784_n-200x300.jpg\" data-width=\"200\" data-height=\"300\" aria-label=\"zastawa sto\u0142u na ma\u0142ej sali\" role=\"img\" ><\/div>\n\t\t\t\t\t\t\t\t\t\t\t<div class=\"elementor-gallery-item__overlay\"><\/div>\n\t\t\t\t\t\t\t\t\t\t\t\t\t\t<\/a>\n\t\t\t\t\t<\/div>\n\t\t\t\t\t<\/div>\n\t\t\t\t<\/div>\n\t\t\t\t\t<\/div>\n\t\t<\/div>\n\t\t\t\t\t<\/div>\n\t\t<\/section>\n\t\t\t\t<\/div>\n\t\t","protected":false},"excerpt":{"rendered":"<p>Galeria<\/p>\n","protected":false},"author":1,"featured_media":0,"parent":0,"menu_order":0,"comment_status":"closed","ping_status":"closed","template":"","meta":{"footnotes":""},"class_list":["post-94","page","type-page","status-publish","hentry"],"yoast_head":"<!-- This site is optimized with the Yoast SEO plugin v26.6 - https:\/\/yoast.com\/wordpress\/plugins\/seo\/ -->\n<title>Galeria - Montenegro Dom Przyj\u0119\u0107<\/title>\n<meta name=\"description\" content=\"Je\u015bli marzysz o przyj\u0119ciu jak z bajki, my wychodzimy Ci na przeciw. Zapewniamy profesjonaln\u0105 obs\u0142ug\u0119, pyszne jedzenie i nowoczesne wn\u0119trza.\" \/>\n<meta name=\"robots\" content=\"index, follow, max-snippet:-1, max-image-preview:large, max-video-preview:-1\" \/>\n<link rel=\"canonical\" href=\"https:\/\/montenegro.com.pl\/?page_id=94\" \/>\n<meta property=\"og:locale\" content=\"pl_PL\" \/>\n<meta property=\"og:type\" content=\"article\" \/>\n<meta property=\"og:title\" content=\"Galeria - Montenegro Dom Przyj\u0119\u0107\" \/>\n<meta property=\"og:description\" content=\"Je\u015bli marzysz o przyj\u0119ciu jak z bajki, my wychodzimy Ci na przeciw. Zapewniamy profesjonaln\u0105 obs\u0142ug\u0119, pyszne jedzenie i nowoczesne wn\u0119trza.\" \/>\n<meta property=\"og:url\" content=\"https:\/\/montenegro.com.pl\/?page_id=94\" \/>\n<meta property=\"og:site_name\" content=\"Montenegro Dom Przyj\u0119\u0107\" \/>\n<meta property=\"article:publisher\" content=\"https:\/\/t.ly\/nS4Z\" \/>\n<meta property=\"article:modified_time\" content=\"2022-04-20T19:03:07+00:00\" \/>\n<meta name=\"twitter:card\" content=\"summary_large_image\" \/>\n<meta name=\"twitter:label1\" content=\"Szacowany czas czytania\" \/>\n\t<meta name=\"twitter:data1\" content=\"1 minuta\" \/>\n<script type=\"application\/ld+json\" class=\"yoast-schema-graph\">{\"@context\":\"https:\/\/schema.org\",\"@graph\":[{\"@type\":\"WebPage\",\"@id\":\"https:\/\/montenegro.com.pl\/?page_id=94\",\"url\":\"https:\/\/montenegro.com.pl\/?page_id=94\",\"name\":\"Galeria - Montenegro Dom Przyj\u0119\u0107\",\"isPartOf\":{\"@id\":\"https:\/\/montenegro.com.pl\/#website\"},\"datePublished\":\"2022-03-25T21:14:05+00:00\",\"dateModified\":\"2022-04-20T19:03:07+00:00\",\"description\":\"Je\u015bli marzysz o przyj\u0119ciu jak z bajki, my wychodzimy Ci na przeciw. Zapewniamy profesjonaln\u0105 obs\u0142ug\u0119, pyszne jedzenie i nowoczesne wn\u0119trza.\",\"breadcrumb\":{\"@id\":\"https:\/\/montenegro.com.pl\/?page_id=94#breadcrumb\"},\"inLanguage\":\"pl-PL\",\"potentialAction\":[{\"@type\":\"ReadAction\",\"target\":[\"https:\/\/montenegro.com.pl\/?page_id=94\"]}]},{\"@type\":\"BreadcrumbList\",\"@id\":\"https:\/\/montenegro.com.pl\/?page_id=94#breadcrumb\",\"itemListElement\":[{\"@type\":\"ListItem\",\"position\":1,\"name\":\"Strona g\u0142\u00f3wna\",\"item\":\"https:\/\/montenegro.com.pl\/\"},{\"@type\":\"ListItem\",\"position\":2,\"name\":\"Galeria\"}]},{\"@type\":\"WebSite\",\"@id\":\"https:\/\/montenegro.com.pl\/#website\",\"url\":\"https:\/\/montenegro.com.pl\/\",\"name\":\"Montenegro Dom Przyj\u0119\u0107\",\"description\":\"Twoje wymarzone przyj\u0119cie weselne\",\"publisher\":{\"@id\":\"https:\/\/montenegro.com.pl\/#organization\"},\"potentialAction\":[{\"@type\":\"SearchAction\",\"target\":{\"@type\":\"EntryPoint\",\"urlTemplate\":\"https:\/\/montenegro.com.pl\/?s={search_term_string}\"},\"query-input\":{\"@type\":\"PropertyValueSpecification\",\"valueRequired\":true,\"valueName\":\"search_term_string\"}}],\"inLanguage\":\"pl-PL\"},{\"@type\":\"Organization\",\"@id\":\"https:\/\/montenegro.com.pl\/#organization\",\"name\":\"Montenegro Dom Przyj\u0119\u0107\",\"url\":\"https:\/\/montenegro.com.pl\/\",\"logo\":{\"@type\":\"ImageObject\",\"inLanguage\":\"pl-PL\",\"@id\":\"https:\/\/montenegro.com.pl\/#\/schema\/logo\/image\/\",\"url\":\"http:\/\/jrzptry.cluster028.hosting.ovh.net\/wp-content\/uploads\/2022\/03\/cropped-logo_RGB_2.png\",\"contentUrl\":\"http:\/\/jrzptry.cluster028.hosting.ovh.net\/wp-content\/uploads\/2022\/03\/cropped-logo_RGB_2.png\",\"width\":512,\"height\":512,\"caption\":\"Montenegro Dom Przyj\u0119\u0107\"},\"image\":{\"@id\":\"https:\/\/montenegro.com.pl\/#\/schema\/logo\/image\/\"},\"sameAs\":[\"https:\/\/t.ly\/nS4Z\",\"https:\/\/www.instagram.com\/montenegro_swierklany\/\"]}]}<\/script>\n<!-- \/ Yoast SEO plugin. -->","yoast_head_json":{"title":"Galeria - Montenegro Dom Przyj\u0119\u0107","description":"Je\u015bli marzysz o przyj\u0119ciu jak z bajki, my wychodzimy Ci na przeciw. Zapewniamy profesjonaln\u0105 obs\u0142ug\u0119, pyszne jedzenie i nowoczesne wn\u0119trza.","robots":{"index":"index","follow":"follow","max-snippet":"max-snippet:-1","max-image-preview":"max-image-preview:large","max-video-preview":"max-video-preview:-1"},"canonical":"https:\/\/montenegro.com.pl\/?page_id=94","og_locale":"pl_PL","og_type":"article","og_title":"Galeria - Montenegro Dom Przyj\u0119\u0107","og_description":"Je\u015bli marzysz o przyj\u0119ciu jak z bajki, my wychodzimy Ci na przeciw. Zapewniamy profesjonaln\u0105 obs\u0142ug\u0119, pyszne jedzenie i nowoczesne wn\u0119trza.","og_url":"https:\/\/montenegro.com.pl\/?page_id=94","og_site_name":"Montenegro Dom Przyj\u0119\u0107","article_publisher":"https:\/\/t.ly\/nS4Z","article_modified_time":"2022-04-20T19:03:07+00:00","twitter_card":"summary_large_image","twitter_misc":{"Szacowany czas czytania":"1 minuta"},"schema":{"@context":"https:\/\/schema.org","@graph":[{"@type":"WebPage","@id":"https:\/\/montenegro.com.pl\/?page_id=94","url":"https:\/\/montenegro.com.pl\/?page_id=94","name":"Galeria - Montenegro Dom Przyj\u0119\u0107","isPartOf":{"@id":"https:\/\/montenegro.com.pl\/#website"},"datePublished":"2022-03-25T21:14:05+00:00","dateModified":"2022-04-20T19:03:07+00:00","description":"Je\u015bli marzysz o przyj\u0119ciu jak z bajki, my wychodzimy Ci na przeciw. Zapewniamy profesjonaln\u0105 obs\u0142ug\u0119, pyszne jedzenie i nowoczesne wn\u0119trza.","breadcrumb":{"@id":"https:\/\/montenegro.com.pl\/?page_id=94#breadcrumb"},"inLanguage":"pl-PL","potentialAction":[{"@type":"ReadAction","target":["https:\/\/montenegro.com.pl\/?page_id=94"]}]},{"@type":"BreadcrumbList","@id":"https:\/\/montenegro.com.pl\/?page_id=94#breadcrumb","itemListElement":[{"@type":"ListItem","position":1,"name":"Strona g\u0142\u00f3wna","item":"https:\/\/montenegro.com.pl\/"},{"@type":"ListItem","position":2,"name":"Galeria"}]},{"@type":"WebSite","@id":"https:\/\/montenegro.com.pl\/#website","url":"https:\/\/montenegro.com.pl\/","name":"Montenegro Dom Przyj\u0119\u0107","description":"Twoje wymarzone przyj\u0119cie weselne","publisher":{"@id":"https:\/\/montenegro.com.pl\/#organization"},"potentialAction":[{"@type":"SearchAction","target":{"@type":"EntryPoint","urlTemplate":"https:\/\/montenegro.com.pl\/?s={search_term_string}"},"query-input":{"@type":"PropertyValueSpecification","valueRequired":true,"valueName":"search_term_string"}}],"inLanguage":"pl-PL"},{"@type":"Organization","@id":"https:\/\/montenegro.com.pl\/#organization","name":"Montenegro Dom Przyj\u0119\u0107","url":"https:\/\/montenegro.com.pl\/","logo":{"@type":"ImageObject","inLanguage":"pl-PL","@id":"https:\/\/montenegro.com.pl\/#\/schema\/logo\/image\/","url":"http:\/\/jrzptry.cluster028.hosting.ovh.net\/wp-content\/uploads\/2022\/03\/cropped-logo_RGB_2.png","contentUrl":"http:\/\/jrzptry.cluster028.hosting.ovh.net\/wp-content\/uploads\/2022\/03\/cropped-logo_RGB_2.png","width":512,"height":512,"caption":"Montenegro Dom Przyj\u0119\u0107"},"image":{"@id":"https:\/\/montenegro.com.pl\/#\/schema\/logo\/image\/"},"sameAs":["https:\/\/t.ly\/nS4Z","https:\/\/www.instagram.com\/montenegro_swierklany\/"]}]}},"_links":{"self":[{"href":"http:\/\/montenegro.com.pl\/index.php?rest_route=\/wp\/v2\/pages\/94","targetHints":{"allow":["GET"]}}],"collection":[{"href":"http:\/\/montenegro.com.pl\/index.php?rest_route=\/wp\/v2\/pages"}],"about":[{"href":"http:\/\/montenegro.com.pl\/index.php?rest_route=\/wp\/v2\/types\/page"}],"author":[{"embeddable":true,"href":"http:\/\/montenegro.com.pl\/index.php?rest_route=\/wp\/v2\/users\/1"}],"replies":[{"embeddable":true,"href":"http:\/\/montenegro.com.pl\/index.php?rest_route=%2Fwp%2Fv2%2Fcomments&post=94"}],"version-history":[{"count":15,"href":"http:\/\/montenegro.com.pl\/index.php?rest_route=\/wp\/v2\/pages\/94\/revisions"}],"predecessor-version":[{"id":504,"href":"http:\/\/montenegro.com.pl\/index.php?rest_route=\/wp\/v2\/pages\/94\/revisions\/504"}],"wp:attachment":[{"href":"http:\/\/montenegro.com.pl\/index.php?rest_route=%2Fwp%2Fv2%2Fmedia&parent=94"}],"curies":[{"name":"wp","href":"https:\/\/api.w.org\/{rel}","templated":true}]}}